common divisor of 5 and i.
5
Suppose v + 2*v - 90 = 0. Suppose v = -2*f + 70. Let r be -100*2/(0 + -2). Calculate the greatest common factor of f and r.
20
Let k(g) = -4*g - 2. Let h(v) = 5*v + 3. Let u(a) = 5*h(a) + 6*k(a). Let c = 11 - 6. Let q be u(c). What is the highest common divisor of 40 and q?
8
Let k(u) = -11*u**3 - u**2 + 3*u + 2. Let z be k(-2). What is the highest common divisor of z and 32?
16
Let p be (-2)/(-5)*(-9 + 94). Calculate the greatest common factor of 51 and p.
17
Let k be (-91)/1*(-5)/5. Let b(a) = -a**2 + 4*a. Let s be b(3). Let n be -1 + 15 + s/(-3). Calculate the greatest common divisor of k and n.
13
Suppose 0 = -2*q + 3*i - 22, 0 = q - 0*i + i + 1. Let j be ((-4)/2 - -1)*q. What is the greatest common divisor of 15 and j?
5
Let t = -275 - -418. Suppose 3*y = -5*l + 243, 0 = 2*l + l - y - t. Calculate the highest common factor of l and 8.
8
Suppose 34 = 4*s + 3*l, -s - 22 = -3*s + l. What is the highest common factor of s and 80?
10
Suppose 0 = -4*v - 9 + 1. Let p be (-6)/(v/(-9)*-3). Suppose 33 = 2*z - 75. What is the highest common divisor of p and z?
9
Let c(x) = x**3 + x**2 - x + 24. Let a be c(0). Calculate the greatest common factor of a and 12.
12
Suppose -3*o = o + 24. Let r be 400/18 - o/(-27). What is the greatest common factor of r and 22?
22
Suppose 0*s - 21 = -7*s. Suppose 9 - 24 = -5*v. Let j = s + v. What is the greatest common divisor of j and 2?
2
Let x(s) = s + 10. Let r be x(-10). Suppose -w - 2*o = -r - 13, -w + 15 = 3*o. Calculate the highest common divisor of 81 and w.
9
Let l(g) = -2*g - 3. Let d be l(-8). Let q = 71 + 72. What is the highest common divisor of d and q?
13
Let f = -3 + -3. Let a be ((-9)/6)/(f/8). Suppose -3*k + 855 = 4*h + 321, -4 = a*k. What is the greatest common divisor of h and 15?
15
Let t = 147 - 40. Suppose -4*a + t = -265. Let w = -23 + a. Calculate the highest common divisor of 14 and w.
14
Let p = -7 + 0. Let u = -6 - p. Suppose 4*c - 15 - u = 0. Calculate the highest common factor of 10 and c.
2
Suppose 4*r - 617 - 207 = 0. Let u = r - 107. What is the greatest common factor of u and 9?
9
Let c = 15 + -14. Suppose k = 3*r + c, 2*k = -5*r + 50 - 15. Let g be (5/(-4))/((-2)/24). What is the greatest common divisor of k and g?
5
Let p(b) = -b**2 - 2*b + 4. Let k be p(-3). Let t be (-10 + k)/(1/(-12)). Calculate the highest common divisor of t and 12.
12
Let y(o) = 5*o**2 - 5*o + 6. Let k be y(3). What is the highest common factor of k and 18?
18
Let m(s) = s**2 - 4*s + 3. Let p be m(3). Suppose 3*b - 33 - 66 = 0. Let i be p + b + (-1 - -1). What is the greatest common divisor of i and 11?
11
Let u = 13 - 16. Let r be (-3 - -2)*-28 + u. Calculate the greatest common divisor of 5 and r.
5
Suppose 4 = -2*i + 18. Let k(r) = 11*r**2 - 8*r + 7. Let o be k(i). Suppose 0 = -4*y - y + o. Calculate the highest common divisor of 14 and y.
14
Suppose -c = -4*c. Suppose -75 = -5*h - c*h. Let y be -70*(2/(-4) + -1). What is the highest common factor of h and y?
15
Let v = 40 + 93. Calculate the greatest common factor of v and 14.
7
Let v(c) be the third derivative of c**5/12 + c**4/24 - c**3/6 + 6*c**2. Let y be v(1). What is the greatest common factor of y and 10?
5
Let f(g) = g**3 - 13*g**2 + 15*g + 12. Let z(q) = q**3 - 7*q**2 - 7*q + 4. Let y be z(8). Let p be f(y). What is the greatest common divisor of 6 and p?
6
Suppose -2*j + 1 = -4*t + 9, 8 = 4*j. What is the highest common factor of 27 and t?
3
Let p = -15 - -32. Suppose -2*g = -4, -2*g + g - 253 = -3*c. Calculate the highest common factor of p and c.
17
Suppose 0 + 4 = 2*g. Calculate the highest common factor of 4 and g.
2
Let d = -111 + 9. Let f = -66 - d. Suppose -4*z = 4, -4*t - 4*z + 17 = -5*z. Calculate the highest common divisor of t and f.
4
Let c(y) = -14*y. Let j be c(-6). Let o = 6 + -18. Let l = 0 - o. Calculate the highest common divisor of j and l.
12
Let l be (2 - -3)*36/(-6). Let h be (-27)/6*l/9. Suppose c + 2*w = 95, 2*c + 325 = 5*c - 2*w. Calculate the highest common divisor of h and c.
15
Let l = 4 + -4. Let h = l + 2. What is the greatest common factor of 14 and h?
2
Let c(x) = -11*x**2 + 13*x**2 + 6*x**2. Let p be c(-1). Calculate the greatest common divisor of 64 and p.
8
Let m be 3/(-12) + 63/28. Let o be (-12 - 0)*1/(-2). Let k = 10 + o. Calculate the greatest common divisor of m and k.
2
Let k = 196 - -20. What is the greatest common factor of k and 24?
24
Suppose -2*u - 29 = -3*q, -6*u + 2*u = -3*q + 37. Suppose b = 5*v - 1, 0*b - 2*b + q = -v. Let o = b - -5. What is the greatest common divisor of o and 1?
1
Let w(h) = -h**2 + h + 2. Let y be w(-1). Suppose y*p = -4*p + 36. Suppose -m + 6*m - 495 = 0. Calculate the greatest common factor of m and p.
9
Let d be 87/5 + (-2)/5. Suppose v - 5 = d. Calculate the highest common divisor of v and 154.
22
Let n be (0 + -1)/((-1)/8). Let o be 5*-1*(1 - 9). What is the greatest common factor of o and n?
8
Let s(i) = -i**2 - 7*i - 1. Let m be s(-7). Let o be 1/(-5) - m/5. Suppose o*g = 4*g - 64. Calculate the highest common divisor of 16 and g.
16
Suppose -47 = -5*c - 12. Suppose -4*t - 3*u = t - 23, -2 = 2*t + 4*u. Calculate the greatest common divisor of c and t.
7
Suppose 5 - 3 = b. Suppose b*l - 158 = 4*l. Let k = -11 - l. What is the greatest common factor of k and 17?
17
Let c = 1 - -3. Let n be (-45)/60 - (-23)/4. Let a(q) = q**2 - q. Let r be a(n). Calculate the greatest common factor of r and c.
4
Suppose 241 - 45 = 2*i. What is the highest common divisor of 14 and i?
14
Let p = -10 + 22. What is the greatest common divisor of p and 18?
6
Let j be 2/(-4) + -1 + 249/6. Calculate the highest common divisor of j and 100.
20
Suppose 2*c - 3*c = -24. Let u = 84 - 49. Let a = u - c. What is the greatest common factor of a and 1?
1
Let o(q) = -q**2 + 4*q - 3. Let j be o(3). Suppose j = -4*n - 2*s + 14, 0*s = -s - 5. Calculate the greatest common divisor of n and 9.
3
Let h(n) = 0*n - 3 - 3*n + 1 - 1 + 6*n**2. Let j be h(-3). Calculate the highest common divisor of j and 12.
12
Let q be (-27 + 0/3)*-1. Let l(z) = -z + 4. Let j be l(0). Suppose w = -h - 3*w + 123, j*h + w = 537. Calculate the highest common divisor of q and h.
27
Let s(m) = m**3 + 5*m**2 - 5*m - 2. Let w be s(-6). Let k = w + 13. Let o = 4 - 3. What is the highest common factor of k and o?
1
Let y = 6 - 4. Let c be 14/(-49) - (-23)/7. Suppose -w = -c*w + 4. What is the highest common divisor of y and w?
2
Suppose 2*p + n - 14 = -0*n, -5 = -5*p + 5*n. Suppose -14 = -2*t + 2*f, 2*f - 5*f - 26 = -4*t. What is the greatest common factor of t and p?
5
Suppose 9*p - 4*p - 75 = 0. Let m = -21 - -11. Let u = m + 25. What is the highest common divisor of u and p?
15
Let j be 134/(4/(2 + -4)). Let a = j - -111. Calculate the highest common factor of a and 66.
22
Let i(y) = 28*y**2 - y - 2. Let x be i(-1). What is the greatest common factor of 36 and x?
9
Suppose r = -0*n - 2*n + 77, 0 = 5*r - n - 407. Let v = -5 + 14. Calculate the highest common divisor of r and v.
9
Suppose 4*o - 336 + 124 = 0. What is the highest common divisor of 106 and o?
53
Suppose 2*q = -133 + 349. Calculate the highest common divisor of 12 and q.
12
Let t be (30/(-105))/(1/(-7)). Suppose -t*i = i - 66. What is the highest common divisor of 55 and i?
11
Suppose 5*i - 2*c = 0, 3*c - 18 = i - c. Suppose 0 = 5*f - i*f - 90. Calculate the highest common factor of f and 10.
10
Suppose -2*w = -2*s + 434, 5*s = 5*w - 4*w + 1097. Suppose -v - 2*j + 14 = 0, 2*v - 49 = -0*v + 3*j. What is the highest common divisor of v and s?
20
Suppose 0 = 7*h - 66 - 564. Calculate the highest common factor of h and 60.
30
Let j(h) = -8*h - 2. Let o be j(-6). Suppose 0*s = 3*s + 5*n - 37, -4*n - o = -3*s. Let a = s + -6. Calculate the greatest common divisor of 40 and a.
8
Suppose j + 2*j - 375 = 0. Let d = -62 + j. Let a = -18 + 25. What is the greatest common divisor of d and a?
7
Let m = 60 - 12. Let c = 40 + -28. Calculate the greatest common factor of m and c.
12
Let x(o) = 5*o**3 + 3*o**2 + 2*o - 8. Let s be x(2). Let v(m) = m**3 + m**2 + m + 6. Let i be v(0). Calculate the greatest common divisor of i and s.
6
Let t be 2154/27 + 4/18. Suppose 0 = 2*f + 2*f. Suppose 5*w - 90 - 70 = f. What is the highest common divisor of w and t?
16
Let